e tens digit of s?
3
Let h = -456 + 632. What is the tens digit of h?
7
Let t(k) = k**3 - 28*k**2 - 71*k - 27. What is the units digit of t(31)?
5
Suppose 0 = f - o - 250 - 24, 3*f - 798 = -3*o. Suppose -4*d + 3*z = -f - 208, 6 = -3*z. What is the tens digit of d?
1
Let j be 2/5*(0/(-1) + 5). Suppose -j*w - 63 + 163 = 0. What is the tens digit of w?
5
Let i be 5 + -2 - 9/3. Suppose -3*l = -i*l - 9. Suppose l*c = 2*h - 24, 2*h + c + c - 34 = 0. What is the tens digit of h?
1
Let m be 15 - 3*(-4)/8*-2. Suppose -1003 = -m*q + 293. What is the hundreds digit of q?
1
Suppose -3*i = -y + 17, 5*i = -y - 4*y - 15. Let p(q) = 5*q + 3. Let g be p(y). Suppose 0 = g*d - 10*d - 240. What is the units digit of d?
0
Suppose -28996 = 20*v - 31*v. What is the tens digit of v?
3
Let b(k) = k**2 - 31*k + 30. Let y be b(20). What is the tens digit of y/15*-3 - -2?
4
Let d = -2207 - -3401. What is the tens digit of d?
9
Suppose 3*t = 19*o - 20*o + 5178, -5166 = -3*t + 3*o. What is the tens digit of t?
2
What is the thousands digit of (-8662)/(-6) - (56/12)/7?
1
Suppose -12 = 11*b - 13*b. Suppose 0 = 5*p + u - 135, -3*p = b*u - 3*u - 81. What is the units digit of p?
7
Suppose -11 = 6*x - 5*x. Let w be (-5 - x)*(-3)/(-2). Suppose 29 = 2*m - w. What is the tens digit of m?
1
Suppose -4*n + 530 = 5*u + 62, -2*u = -3*n + 374. What is the units digit of n?
2
Suppose -4*h - 300 = 4*r, -2*r = 3*r + 3*h + 371. Let n = -122 - r. What is the tens digit of ((-140)/n)/((-2)/(-7))?
1
Let a(k) = -k**3 - k**2 - k + 4. Let v be a(-2). What is the units digit of (v/2)/(-5) - -48?
7
Let n(b) be the second derivative of -b**4/12 - 5*b**3/3 + 9*b**2/2 + b. Let v be (4/(-6))/((-3)/18) + -13. What is the units digit of n(v)?
8
Let j = -7 - -12. Let x = 9 - j. Suppose x*q + 12 = 7*q. What is the units digit of q?
4
Let v be (7 - -73)*(-6)/8. What is the units digit of (-96)/v*95/2?
6
Let q = -1738 + 2911. What is the thousands digit of q?
1
Let m be (-1 + (-15)/(-6))*8/6. Suppose 5*j + m*b - 220 = 0, -3*b - 41 = 2*j - 129. What is the tens digit of j?
4
Suppose i - 2*r = 42, 2*i - 57 = -3*r + 55. What is the tens digit of i?
5
Suppose 5*m - 15 = 2*u + 12, -4*m = -3*u - 23. What is the tens digit of (-146)/(-2) + (u - -5)?
7
Suppose -i = -6*i + r + 30, 0 = 3*r. Suppose 0 = 11*g - i*g - 280. What is the tens digit of g?
5
Suppose 5*w + 5*u - 11490 = 0, w + 11*u - 2314 = 14*u. What is the thousands digit of w?
2
Let c(r) be the first derivative of r**3/3 - 3*r**2 - 5*r - 4. Let u be c(7). What is the units digit of 99/u*(-8)/(-12)?
3
Let t(w) = -8*w - 6*w**3 + 11*w**2 + 4*w**3 + 6 + 2*w**3 - w**3. What is the tens digit of t(4)?
8
Let y(v) = -v**2 - 13*v - 28. Let f be y(-8). Suppose -8*n - 8 = -f*n. Suppose 0 = -2*h - 4*q + 122, n*h - 298 = -3*h - 3*q. What is the tens digit of h?
5
Suppose n = 5, -o + 62*n - 60*n = -5826. What is the hundreds digit of o?
8
What is the tens digit of ((-6 + 3)/(-1))/((-6)/(-202))?
0
Let c = -219 + 160. Let s = 144 + c. What is the units digit of s?
5
Let a(i) = -2*i - 6. Let r be a(-3). Suppose -190 = -2*b - 5*v, 3*b - v - 174 - 77 = r. What is the tens digit of b?
8
Suppose 0 = -117*x + 127*x - 15440. What is the hundreds digit of x?
5
Let s = 877 + -431. Suppose 0 = 11*f - s + 94. What is the tens digit of f?
3
Let d(k) = -31*k - 64. What is the tens digit of d(-12)?
0
Let p = 1771 + -1105. What is the units digit of p?
6
Let h be 20/(-50) - 3711/(-15). Suppose -8*b = -7*b - h. What is the units digit of b?
7
Suppose -v + 2*c - 6 = 1, -v + 13 = 3*c. Let o be (2 - 2)/(v/1). What is the tens digit of o + -24*(0 + -1)?
2
Let u(n) = -n**3 + 7*n**2. Let a be u(7). Suppose 0 = -h - a*h + 68. What is the tens digit of h?
6
Suppose -63*u = -64*u + 1889. What is the units digit of u?
9
Let w = -734 + 1107. What is the tens digit of w?
7
Let l(u) = u**3 + 7*u**2 + 4*u - 4. Let b be ((-3)/2)/((-9)/(-12)). Let f be ((-1)/b)/(8/(-80)). What is the tens digit of l(f)?
2
Let g(h) = -4*h**3 - 3*h**2 + 9*h - 7. What is the units digit of g(-5)?
3
Suppose -5*y = -3*y - 5*c - 2159, 3*y + 5*c - 3201 = 0. What is the thousands digit of y?
1
What is the thousands digit of (4 + -3)/((-2)/(-3166))?
1
What is the units digit of ((-552)/(-30))/(12/390)?
8
Suppose 23 + 162 = 5*s. Suppose 0 = -l + 5*n + 25, 3*n = l + n - s. What is the units digit of l?
5
Let o be ((-1)/(-2))/(9/522). Let i = o + -19. Suppose 4*w - 25 = -i*y + 5*y, -17 = 3*y - 4*w. What is the units digit of y?
1
Suppose -2*k - 3 + 11 = 0. Suppose -2*r + 98 = -4*u, -k*u = -3*r + 144 - 7. Let v = -9 + r. What is the tens digit of v?
3
Let o = 6565 + -3342. What is the thousands digit of o?
3
Let n(u) = -422*u - 43. What is the units digit of n(-4)?
5
Let x(m) = m**2 + 12*m - 15. Let t be x(17). What is the units digit of (-14)/21 + t/6?
9
Let j be 2*(-35)/(-10) - 3. Suppose 2*q = -2*r - q + 326, -j*q - 312 = -2*r. What is the units digit of r?
0
Suppose 54*h - 46*h = 2832. What is the hundreds digit of h?
3
Let t = 56 - 28. Suppose 19 - 157 = -23*g. Suppose -304 = -g*f - t. What is the units digit of f?
6
Let l = -12 - -13. Let s be l + 3 + (-6)/2. Let i(q) = 20*q**2 + 1. What is the tens digit of i(s)?
2
Let l be (-14)/(-7) - (1 + -1). Suppose -2*v + l*a = -44, 4*a - 66 = -4*v + v. Suppose 5*n - 22 = 2*c + 51, 2*n = -c + v. What is the tens digit of n?
1
Suppose 22*u = 27*u - 40. Suppose u*r = 4*r - 88. Let w = r - -29. What is the units digit of w?
7
Let m(w) = 8*w**2 - 11*w + 24. What is the tens digit of m(-10)?
3
Let i(p) = -p**3 - 13*p**2 - 13*p + 6. Let h be i(-13). Let o = -128 + h. What is the tens digit of o?
4
Let l = 141 - 66. Suppose 2*n = 13 - l. Let o = n + 55. What is the tens digit of o?
2
Let w(y) = 5*y + 1. Let z be w(-3). Let x be (2/4)/(10/(-260)). Let h = x - z. What is the units digit of h?
1
Let q = 37 + -31. Let c(b) be the first derivative of b**2/2 + 3*b + 3. What is the units digit of c(q)?
9
Let t = -1 - -6. Suppose -4*s = l + 3*l - 312, 0 = -2*l + 4*s + 132. Suppose 2*v - 46 = t*w, -2*v - w = w - l. What is the units digit of v?
3
Suppose 3*b - 320 = b. Suppose 5*d = 5*p + 2*d - 158, -5*p = -5*d - b. Suppose -p = -5*j + 4. What is the units digit of j?
7
Suppose -s + 58 - 8 = 5*b, 5*s - 120 = b. Let i = 137 - s. What is the hundreds digit of i?
1
Let w = -2575 + 3165. What is the hundreds digit of w?
5
Let g(r) = r**2 + 20*r + 98. What is the units digit of g(-34)?
4
Suppose 765 = 3*f - 2*o, -4*f + 1006 = -0*o + 2*o. Suppose 0*p + 92 = 2*y - 5*p, p = 5*y - f. What is the tens digit of y?
5
Let z(f) = 62*f - 48. What is the units digit of z(6)?
4
Let z(w) = w**3 + 11*w**2 + 9*w - 12. Let u be z(-10). What is the units digit of -2 + 0/u - (-19 - -15)?
2
Suppose 4*d - 1391 = -451. What is the hundreds digit of d?
2
Let b = 11 - 13. Let h be 6 - (-3)/(-1 + b). Suppose -2*l + 6*l + 5*f = 99, h*l - 126 = -4*f. What is the tens digit of l?
2
Let b(g) be the third derivative of -151*g**6/120 + g**5/60 - 10*g**2. Let u be b(-1). Suppose -70 = -3*l + u. What is the units digit of l?
4
Let a(x) = x - 1. Let m = -6 + 7. Let s(b) = 5. Let k(p) = m*s(p) + 4*a(p). What is the units digit of k(2)?
9
Let g = 21 + -21. Suppose g*l = 3*j + 4*l - 30, -j = -2*l. Suppose 5*s + 109 = 4*i, -j*i + i + 3*s = -146. What is the units digit of i?
1
Let f = 40 - 14. Suppose -5*a - 46 = 5*g - 16, 2*a + 14 = -3*g. Let d = f + a. What is the tens digit of d?
2
Suppose 0 = 2*l - 5*y, 4*l - 5*y + 4*y - 18 = 0. Let k be (l/(-5))/((-2)/118). Suppose 19 = -4*a + k. What is the tens digit of a?
1
Suppose 6*f - 22 + 10 = 0. Suppose f*n - 7*n + 5*o + 595 = 0, -5*o - 471 = -4*n. What is the tens digit of n?
2
Let p(h) be the third derivative of h**4/12 - 3*h**3 - 15*h**2. Let n be p(10). Suppose n*w = -3*z + 70, -z + 0*z + 14 = 3*w. What is the tens digit of z?
2
Let y be 15*-11*(-4)/6. Suppose 3*k + y = -2*k. What is the units digit of (-40)/k - (-8)/44?
2
Suppose -4*p + 207 = -93. Let o = p - 31. What is the tens digit of o?
4
Let x = -3 - -115. What is the units digit of x?
2
Let x be 180/42 - 4/14. Suppose 56 - 4 = x*h. What is the tens digit of h?
1
Suppose 2*x + 2*i = -3*x + 22, -2*i + 18 = 4*x. Suppose 3*c - 63 = -3*q, 0*q + q + x*c = 36. What is the tens digit of q?
1
Let k be (5 - 12/4) + 3. Suppose -3*y - k*d + 3